 a factor of 117332?
False
Is 557 a factor of 7467358?
False
Is 428 a factor of 12691641?
False
Does 4 divide 23240?
True
Is 10 a factor of 146916?
False
Is 33 a factor of 3076161?
True
Does 199 divide 259916?
False
Is 23 a factor of 7702424?
True
Is 8 a factor of 8618?
False
Is 596255 a multiple of 267?
False
Does 208 divide 116272?
True
Is 267512 a multiple of 7?
True
Is 341440 a multiple of 32?
True
Is 7 a factor of 1404704?
True
Is 89023 a multiple of 30?
False
Is 47 a factor of 8216227?
False
Is 22 a factor of 2632762?
True
Is 317 a factor of 1093615?
False
Is 32 a factor of 7266016?
True
Is 27 a factor of 324756?
True
Is 1094379 a multiple of 21?
False
Is 281 a factor of 240134?
False
Is 31046 a multiple of 2?
True
Is 92 a factor of 29083?
False
Does 16 divide 41959?
False
Is 255 a factor of 178524?
False
Does 109 divide 928174?
False
Is 17 a factor of 1720927?
True
Is 544 a factor of 330848?
False
Is 331326 a multiple of 14?
False
Is 14 a factor of 17451?
False
Is 201909 a multiple of 55?
False
Is 588 a factor of 2433273?
False
Is 97 a factor of 310594?
True
Is 915412 a multiple of 570?
False
Is 74 a factor of 248939?
False
Is 2 a factor of 304608?
True
Does 957 divide 399087?
False
Does 3 divide 41944?
False
Does 20 divide 19030760?
True
Is 992718 a multiple of 2?
True
Does 88 divide 37400?
True
Does 139 divide 1251?
True
Is 5007 even?
False
Does 80 divide 106640?
True
Does 7 divide 12276817?
True
Is 10 a factor of 45116?
False
Is 135458 a multiple of 89?
True
Is 88 a factor of 383459?
False
Does 112 divide 117824?
True
Is 272850 a multiple of 425?
True
Is 3905 a multiple of 71?
True
Is 4 a factor of 158456?
True
Is 124 a factor of 129828?
True
Is 10 a factor of 541912?
False
Is 2010167 a multiple of 800?
False
Does 149 divide 1092915?
True
Is 406828 a multiple of 6?
False
Does 117 divide 39810?
False
Is 6446869 a multiple of 237?
False
Is 36464 a multiple of 8?
True
Does 2077 divide 2604558?
True
Does 23 divide 127788?
True
Does 6 divide 498245?
False
Does 60 divide 45180?
True
Does 31 divide 2383404?
True
Is 181 a factor of 1528561?
False
Is 7 a factor of 222957?
True
Is 794296 a multiple of 172?
True
Is 9 a factor of 2225492?
False
Is 293 a factor of 653390?
True
Is 14674 a multiple of 58?
True
Is 16 a factor of 723552?
True
Is 415152 a multiple of 9?
True
Is 22414 a multiple of 309?
False
Is 53 a factor of 140821?
True
Does 699 divide 4673820?
False
Is 726723 a multiple of 14?
False
Does 158 divide 92113?
False
Is 1015126 a multiple of 434?
True
Does 137 divide 454243?
False
Is 426 a factor of 18815142?
True
Is 314860 a multiple of 173?
True
Is 11 a factor of 694122?
True
Is 4 a factor of 239572?
True
Is 276 a factor of 3333804?
True
Is 135907 a multiple of 23?
True
Is 81968 a multiple of 363?
False
Is 998891 a multiple of 47?
True
Does 29 divide 211333?
False
Is 49569 a multiple of 39?
True
Does 2 divide 22634?
True
Does 3 divide 48021?
True
Is 10 a factor of 6913374?
False
Is 240516 a multiple of 51?
True
Does 169 divide 487222?
False
Is 167 a factor of 13358?
False
Is 34 a factor of 100876?
False
Is 30 a factor of 62545?
False
Does 26 divide 3086018?
True
Is 6831000 a multiple of 150?
True
Does 667 divide 1718317?
False
Is 2037670 a multiple of 17?
False
Does 203 divide 998151?
True
Is 4 a factor of 6639?
False
Is 173432 a multiple of 76?
True
Is 333 a factor of 239521?
False
Does 486 divide 1881851?
False
Is 96241 a multiple of 157?
True
Does 532 divide 1872000?
False
Does 80 divide 72480?
True
Is 168 a factor of 156240?
True
Is 581956 a multiple of 292?
True
Is 480510 a multiple of 342?
True
Is 251832 a multiple of 31?
False
Is 9652800 a multiple of 15?
True
Is 135 a factor of 1712880?
True
Is 730 a factor of 3279890?
True
Does 47 divide 4820194?
False
Is 127 a factor of 292989?
True
Does 15 divide 248730?
True
Is 183 a factor of 812188?
False
Does 27 divide 26703?
True
Does 113 divide 27402906?
False
Is 2106609 a multiple of 246?
False
Is 273770 a multiple of 217?
False
Is 233 a factor of 381887?
True
Is 71 a factor of 160602?
True
Is 663510 a multiple of 5?
True
Does 822 divide 4744785?
False
Is 1620967 a multiple of 224?
False
Does 23 divide 2389125?
True
Does 10 divide 438390?
True
Does 297 divide 126211?
False
Does 148 divide 724164?
True
Is 28176 a multiple of 19?
False
Is 1779712 a multiple of 79?
True
Is 1905773 a multiple of 89?
False
Is 2062584 a multiple of 36?
True
Does 16 divide 342800?
True
Is 11073139 a multiple of 95?
False
Is 13 a factor of 2002780?
True
Is 185 a factor of 284853?
False
Does 14 divide 646956?
False
Is 7350 a multiple of 150?
True
Does 51 divide 404889?
True
Is 20993796 a multiple of 29?
True
Does 355 divide 627252?
False
Does 273 divide 214032?
True
Is 38 a factor of 65360?
True
Is 675 a factor of 10315350?
True
Does 62 divide 1481304?
True
Is 335 a factor of 3393361?
False
Is 92 a factor of 48668?
True
Is 14 a factor of 1243830?
True
Is 33 a factor of 2056841?
False
Does 1285 divide 4643605?
False
Is 15764 a multiple of 13?
False
Is 2594651 a multiple of 14?
False
Does 11 divide 84128?
True
Does 93 divide 164517?
True
Is 2849837 a multiple of 910?
False
Is 184 a factor of 19320?
True
Is 24585 a multiple of 11?
True
Is 995125 a multiple of 475?
True
Does 15 divide 25770?
True
Does 152 divide 22235432?
False
Is 2539593 a multiple of 7?
True
Is 27 a factor of 3947765?
False
Is 798835 a multiple of 44?
False
Is 4359881 a multiple of 65?
False
Is 22 a factor of 1928983?
False
Does 291 divide 3334860?
True
Does 195 divide 153394?
False
Is 119 a factor of 4167737?
True
Does 18 divide 872883?
False
Is 837603 a multiple of 78?
False
Is 426 a factor of 6772916?
False
Does 135 divide 22228?
False
Does 135 divide 380634?
False
Does 103 divide 856412?
False
Is 422 a factor of 1983822?
True
Does 158 divide 90060?
True
Is 479 a factor of 381323?
False
Is 9802338 a multiple of 1381?
True
Is 57 a factor of 713127?
True
Is 18 a factor of 136242?
True
Is 1221243 a multiple of 162?
False
Does 10 divide 3643302?
False
Is 3046157 a multiple of 146?
False
Is 451076 a multiple of 1486?
False
Is 631176 a multiple of 28?
True
Is 9 a factor of 3959912?
False
Is 257947 a multiple of 3?
False
Does 137 divide 7133590?
True
Is 8699843 a multiple of 188?
False
Is 424960 a multiple of 83?
True
Is 6885440 a multiple of 64?
True
Is 40 a factor of 20000?
True
Does 4 divide 447923?
False
Does 4 divide 472232?
True
Is 574 a factor of 5338200?
True
Is 105897 a multiple of 33?
True
Does 100 divide 91420?
False
Is 177632 a multiple of 11?
False
Does 40 divide 1875120?
True
Does 511 divide 72051?
True
Is 65 a factor of 940355?
True
Is 29349 a multiple of 27?
True
Is 426 a factor of 840924?
True
Is 80568 a multiple of 216?
True
Is 18413500 a multiple of 1376?
False
Is 205345 a multiple of 5?
True
Is 68 a factor of 9473692?
True
Is 2670051 a multiple of 44?
False
Does 151 divide 6457817?
True
Is 7 a factor of 3976561?
False
Is 14280 a multiple of 30?
True
Does 13 divide 377117?
True
Does 169 divide 90077?
True
Is 9687 a multiple of 2?
False
Is 1500254 a multiple of 47?
False
Is 13 a factor of 424450?
True
Is 69 a factor of 7329663?
True
Does 488 divide 16185496?
True
Is 4 a factor of 235966?
False
Is 105369 a multiple of 309?
True
Is 56 a factor of 565649?
False
Is 91450 a multiple of 10?
True
Is 1867418 a multiple of 488?
False
Does 44 divide 121308?
True
Is 372177 a multiple of 176?
False
Is 8 a factor of 3384050?
False
Is 1342482 a multiple of 10?
False
Does 487 divide 147074?
True
Does 18 divide 70168?
False
Does 3 divide 2616?
True
Is 567808 a multiple of 256?
True
Is 8424 a multiple of 117?
True
Is 12 a factor of 4112952?
True
Is 201828 a multiple of 132?
True
Does 645 divide 1060310?
False
Is 1382806 a multiple of 1307?
True
Is 181 a factor of 21805652?
False
Is 367 a factor of 76703?
True
Does 335 divide 113230?
True
Does 200 divide 364600?
True
Does 13 divide 1164324?
False
Is 330545 a multiple of 82?
False
Is 8 a factor of 2764640?
True
Is 6321839 a multiple of 13?
False
Is 269 a factor of 63753?
True
Is 34 a factor of 351241?
False
Is 72 a factor of 2145168?
True
Is 40986 a multiple of 27?
True
Is 871086 a multiple of 41?
True
Is 21 a factor of 567338?
False
Does 41 divide 4848767?
False
Does 87 divide 223503?
True
Does